
Calculate the remainder when 5344 is divided by 18.
16
What is the remainder when 6564 is divided by 67?
65
What is the remainder when 8 is divided by 3?
2
Calculate the remainder when 2036 is divided by 106.
22
Calculate the remainder when 253 is divided by 135.
118
Calculate the remainder when 1659 is divided by 166.
165
Calculate the remainder when 1478 is divided by 37.
35
What is the remainder when 268 is divided by 23?
15
What is the remainder when 74 is divided by 64?
10
Calculate the remainder when 175 is divided by 49.
28
Calculate the remainder when 217 is divided by 20.
17
Calculate the remainder when 803 is divided by 61.
10
Calculate the remainder when 265 is divided by 16.
9
Calculate the remainder when 386 is divided by 14.
8
Calculate the remainder when 702 is divided by 179.
165
Calculate the remainder when 2405 is divided by 400.
5
What is the remainder when 290 is divided by 288?
2
Calculate the remainder when 20125 is divided by 136.
133
What is the remainder when 221 is divided by 76?
69
Calculate the remainder when 250 is divided by 96.
58
Calculate the remainder when 2817 is divided by 936.
9
What is the remainder when 184 is divided by 37?
36
Calculate the remainder when 630 is divided by 71.
62
Calculate the remainder when 66 is divided by 23.
20
What is the remainder when 76 is divided by 17?
8
What is the remainder when 55 is divided by 19?
17
What is the remainder when 336 is divided by 88?
72
Calculate the remainder when 40 is divided by 22.
18
Calculate the remainder when 542 is divided by 442.
100
What is the remainder when 5108 is divided by 24?
20
Calculate the remainder when 68 is divided by 35.
33
Calculate the remainder when 187 is divided by 23.
3
Calculate the remainder when 1922 is divided by 634.
20
What is the remainder when 1230 is divided by 73?
62
What is the remainder when 181 is divided by 8?
5
What is the remainder when 94 is divided by 5?
4
Calculate the remainder when 1287 is divided by 215.
212
What is the remainder when 727 is divided by 194?
145
Calculate the remainder when 16 is divided by 9.
7
Calculate the remainder when 9897 is divided by 18.
15
What is the remainder when 10448 is divided by 129?
128
What is the remainder when 634 is divided by 174?
112
What is the remainder when 148 is divided by 38?
34
What is the remainder when 138 is divided by 20?
18
What is the remainder when 660 is divided by 39?
36
What is the remainder when 70 is divided by 54?
16
Calculate the remainder when 233 is divided by 63.
44
What is the remainder when 1286 is divided by 100?
86
What is the remainder when 11298 is divided by 50?
48
What is the remainder when 169 is divided by 162?
7
Calculate the remainder when 25944 is divided by 150.
144
What is the remainder when 61 is divided by 36?
25
Calculate the remainder when 311 is divided by 105.
101
Calculate the remainder when 544 is divided by 178.
10
What is the remainder when 6932 is divided by 2303?
23
Calculate the remainder when 935 is divided by 35.
25
What is the remainder when 825 is divided by 105?
90
Calculate the remainder when 1239 is divided by 69.
66
What is the remainder when 1583 is divided by 69?
65
Calculate the remainder when 501 is divided by 8.
5
Calculate the remainder when 60 is divided by 7.
4
Calculate the remainder when 626 is divided by 37.
34
Calculate the remainder when 955 is divided by 32.
27
Calculate the remainder when 67 is divided by 16.
3
What is the remainder when 147 is divided by 42?
21
Calculate the remainder when 253 is divided by 230.
23
What is the remainder when 128 is divided by 30?
8
Calculate the remainder when 6360 is divided by 67.
62
What is the remainder when 57 is divided by 2?
1
Calculate the remainder when 1077 is divided by 40.
37
What is the remainder when 10328 is divided by 272?
264
What is the remainder when 560 is divided by 69?
8
What is the remainder when 3356 is divided by 80?
76
What is the remainder when 429 is divided by 16?
13
Calculate the remainder when 44 is divided by 11.
0
Calculate the remainder when 293 is divided by 38.
27
What is the remainder when 798 is divided by 23?
16
Calculate the remainder when 1034 is divided by 341.
11
Calculate the remainder when 74 is divided by 15.
14
Calculate the remainder when 5167 is divided by 225.
217
What is the remainder when 36 is divided by 23?
13
What is the remainder when 256 is divided by 225?
31
What is the remainder when 575 is divided by 198?
179
What is the remainder when 903 is divided by 280?
63
Calculate the remainder when 1410 is divided by 101.
97
Calculate the remainder when 248 is divided by 9.
5
Calculate the remainder when 326 is divided by 84.
74
What is the remainder when 689 is divided by 21?
17
Calculate the remainder when 301 is divided by 152.
149
What is the remainder when 69 is divided by 54?
15
Calculate the remainder when 269 is divided by 5.
4
Calculate the remainder when 333 is divided by 98.
39
Calculate the remainder when 583 is divided by 107.
48
Calculate the remainder when 32 is divided by 1.
0
What is the remainder when 211 is divided by 21?
1
What is the remainder when 301 is divided by 31?
22
Calculate the remainder when 1122 is divided by 15.
12
Calculate the remainder when 666 is divided by 213.
27
Calculate the remainder when 145 is divided by 37.
34
Calculate the remainder when 1227 is divided by 408.
3
What is the remainder when 285 is divided by 26?
25
Calculate the remainder when 25 is divided by 22.
3
What is the remainder when 126 is divided by 68?
58
What is the remainder when 335 is divided by 11?
5
What is the remainder when 348 is divided by 10?
8
What is the remainder when 803 is divided by 134?
133
Calculate the remainder when 1105 is divided by 441.
223
What is the remainder when 87 is divided by 6?
3
Calculate the remainder when 126 is divided by 45.
36
Calculate the remainder when 85 is divided by 30.
25
Calculate the remainder when 6299 is divided by 46.
43
What is the remainder when 1182 is divided by 108?
102
What is the remainder when 327 is divided by 78?
15
What is the remainder when 148 is divided by 30?
28
What is the remainder when 382 is divided by 56?
46
Calculate the remainder when 59 is divided by 30.
29
What is the remainder when 119 is divided by 14?
7
Calculate the remainder when 19 is divided by 5.
4
Calculate the remainder when 40 is divided by 15.
10
Calculate the remainder when 192 is divided by 101.
91
Calculate the remainder when 1367 is divided by 6.
5
What is the remainder when 10871 is divided by 151?
150
What is the remainder when 123 is divided by 56?
11
Calculate the remainder when 10028 is divided by 118.
116
Calculate the remainder when 28 is divided by 7.
0
Calculate the remainder when 41 is divided by 4.
1
Calculate the remainder when 174 is divided by 10.
4
What is the remainder when 1540 is divided by 117?
19
Calculate the remainder when 2481 is divided by 819.
24
What is the remainder when 143 is divided by 79?
64
Calculate the remainder when 747 is divided by 84.
75
What is the remainder when 61 is divided by 19?
4
What is the remainder when 342 is divided by 116?
110
What is the remainder when 64 is divided by 12?
4
What is the remainder when 505 is divided by 23?
22
Calculate the remainder when 136 is divided by 43.
7
What is the remainder when 1107 is divided by 281?
264
What is the remainder when 233 is divided by 79?
75
Calculate the remainder when 361 is divided by 110.
31
Calculate the remainder when 590 is divided by 33.
29
Calculate the remainder when 112 is divided by 19.
17
What is the remainder when 71 is divided by 41?
30
What is the remainder when 106 is divided by 31?
13
What is the remainder when 38 is divided by 34?
4
Calculate the remainder when 352 is divided by 18.
10
Calculate the remainder when 272 is divided by 47.
37
Calculate the remainder when 166 is divided by 72.
22
What is the remainder when 175 is divided by 30?
25
What is the remainder when 200 is divided by 31?
14
What is the remainder when 58 is divided by 28?
2
What is the remainder when 50 is divided by 31?
19
What is the remainder when 162 is divided by 77?
8
Calculate the remainder when 2833 is divided by 105.
103
What is the remainder when 21430 is divided by 12?
